isor of d and 3822?
182
Let p(l) = -3*l - 24. Let o be p(-10). Suppose o*j = 469 + 59. Calculate the greatest common factor of 242 and j.
22
Suppose -6*b + b - 35 = -m, -3*m = 3*b - 51. Let w(s) = -3 + s + 3*s - 27. Let t be w(m). What is the highest common divisor of 20 and t?
10
Let w be (-10 - -7 - 5)*-6 - (-2 - -3). What is the greatest common factor of w and 8883?
47
Suppose -15*j = 40 + 20. Let o be 3*(j - -25)*1. Calculate the greatest common factor of 36 and o.
9
Let r be 1/(-1)*(-56 - -13). Calculate the greatest common factor of r and 64.
1
Let o(p) = p**3 + p - 1. Let s be o(0). Suppose 136*b = 174*b - 836. Let q be (-2)/(-4) - (-627)/b - s. What is the highest common factor of 6 and q?
6
Let p = -25 + 142. Let k = 236 - p. What is the greatest common divisor of k and 34?
17
Suppose 247 = 2*v - 5*g + 10*g, -3*g + 249 = 2*v. Calculate the greatest common factor of v and 4662.
126
Let s = -113 - -330. Suppose 2*a + r - 379 = 0, -2*a + s = -a - 5*r. Calculate the greatest common divisor of 336 and a.
48
Suppose 7289 - 32889 = -128*f. Calculate the greatest common factor of 7900 and f.
100
Let v(x) = 77*x**2 - 370*x - 1111. Let m be v(-3). What is the highest common factor of m and 52?
4
Suppose 349*a - 350*a - 50400 = -4*j, -25200 = -2*j - 4*a. Calculate the highest common divisor of 36 and j.
36
Let r be (300 + 55)/((-5)/(-42)). What is the greatest common factor of 126 and r?
42
Suppose 36*n = 58*n - 1345 - 2417. Suppose -4*u = 4*f - 552, 3*f + 2*u - 389 = 4*u. What is the greatest common factor of n and f?
19
Suppose -16*x + 20*x - 4 = 0, 4*n - 79 = 5*x. Let o be (-2)/7 - (-802)/14. Let f = o - n. What is the greatest common factor of f and 6?
6
Suppose -5*z = 15705 + 40265. Let u be z/(-10) + 6/10. Suppose 0 = 2*k + 6*k - u. What is the highest common divisor of k and 20?
20
Let w be 2/6*(131 + -2). Let v be (-4)/(-1 + 2) + w. Suppose -5*z = -8*z + v. Calculate the greatest common divisor of 143 and z.
13
Suppose 5*f + 20 = 0, 2*i + 3*i = -f - 124. Let a = i + -140. Let n = 333 + a. What is the highest common divisor of 13 and n?
13
Let i be 220/1870 + (-220518)/(-51). Calculate the greatest common divisor of 115 and i.
23
Suppose -2*s - 720 = s. Let x be 1759/4 + ((-162)/24 - -7). Let p = s + x. What is the greatest common factor of 80 and p?
40
Suppose -545*i + 10083 - 783 = -7595. Calculate the greatest common divisor of 310 and i.
31
Suppose 3*p - 5*n - 547 = 0, -2*n - 299 + 853 = 3*p. Let j = -8017 + 8040. Calculate the highest common divisor of j and p.
23
Suppose -105 = -7*y + 4*y. Let a = -7256 + 7263. Calculate the greatest common factor of a and y.
7
Suppose -8*s + 630 = 590. Suppose 4651 = 4*z + 3*i, 0 = z + s*i - 732 - 435. What is the greatest common divisor of 14 and z?
14
Let n be ((-4)/8)/(1*3/(-84)). What is the greatest common factor of n and 182?
14
Let a = 42 - 48. Let x be (-4 + 5)*a/(-3) - -343. Let j be 2/3*(x/10 - -3). What is the highest common divisor of j and 75?
25
Let s(i) = 309*i - 15. Let d be s(1). Suppose -46 + d = 2*z. What is the highest common divisor of z and 93?
31
Let a = -13 + 10. Let u be a/(-7) - (-2140)/70. Let v be (12 + -8)*465/12. Calculate the greatest common divisor of u and v.
31
Let w(i) be the first derivative of -i**4/4 + 8*i**3/3 - 15*i**2/2 + 14*i - 87. Let p be w(5). Calculate the highest common divisor of p and 42.
14
Let k = -14226 - -14798. What is the highest common factor of 4433 and k?
143
Suppose -404 = 2*j - 6*j. Suppose -j*o + 97*o + 748 = 0. Calculate the highest common factor of 11 and o.
11
Let c(a) = 9*a**2 - 187*a - 33. Let n be c(21). Let t(r) = -2*r**3 - 8*r**2 + r - 8. Let f be t(-7). Calculate the highest common factor of n and f.
9
Suppose 36 = i + 30, -3*u - i = -6903. What is the greatest common factor of 76 and u?
19
Let b = -57 + 346. Let w be b/7 + 2/(-7). Suppose f + 18 = y, 2*y - w = -4*f - 5. Calculate the greatest common divisor of y and 198.
18
Let g = -2610 - -2608. Let t = -29 - -18. Let m be (15 - t) + 1*g. What is the greatest common divisor of m and 96?
24
Let c = -31464 + 53360. Calculate the highest common divisor of 1173 and c.
391
Let z be -68*(-91)/(-154) - (-4)/22. Let q be 116/z + 3 + (-1236)/(-40). Calculate the greatest common factor of 155 and q.
31
Let s(k) = k + 5. Let q be s(-5). Suppose 7*i - 10*i + 12 = q. What is the highest common factor of i and 52?
4
Let v(j) = 36*j + 3. Let p be v(-3). Suppose -12 = -4*b, -b + 243 = -25*c + 21*c. Let k = c - p. What is the greatest common divisor of k and 450?
45
Let w = -228 + 273. Suppose -w*x = -52*x + 112. Calculate the greatest common factor of 176 and x.
16
Let x be ((-47092)/(-100) - -2 - 5) + 2/25. Calculate the greatest common divisor of x and 84.
12
Let y = -6470 + 6795. What is the highest common divisor of y and 80?
5
Let n(m) = m. Let h be n(5). Let i be (167 + -168 - 247/(-6)) + (-2)/12. Calculate the greatest common divisor of h and i.
5
Suppose 2*s = -11 + 1, -2*s = -5*v + 20. Suppose v*r = 0, 2*r = -4*a + 6*r + 124. What is the greatest common divisor of 93 and a?
31
Let v(j) = -j**2 + 89*j + 112. Let m be v(87). Calculate the highest common divisor of m and 13871.
143
Suppose -5*w + 4*w + 82 = -h, -6 = 3*h. What is the greatest common factor of w and 50?
10
Let l = 280 - 278. Suppose -r + l*f = 3*r - 1870, 2330 = 5*r - f. Calculate the greatest common divisor of 186 and r.
93
Let n = -70 - -72. Suppose 3*a + 4*h - 26 = 0, a = 6*a + n*h - 48. Suppose -3*v = -5*j - 11, v - 2*j = -v + a. Calculate the greatest common factor of 28 and v.
7
Let r be (-8)/22 - (21 - (-93807)/(-693)). Suppose 0 = -0*x - 2*x - 4*s + 1262, 5*x + 5*s = 3145. Calculate the greatest common factor of x and r.
57
Let j(f) = f**3 + 8*f**2 - 3*f - 6. Let s be j(-4). Suppose -b - 59*v + 62*v + 18 = 0, 0 = b + 5*v - 10. Calculate the greatest common divisor of s and b.
5
Let o(z) = z**2 + z + 7. Let l be o(-9). Let x = l - 32. Suppose -42*r - 25 = -x*r. Calculate the greatest common factor of r and 10.
5
Suppose -437 = -0*k + 2*k + l, 0 = 2*k + 2*l + 438. Let d = k + 260. Calculate the highest common divisor of d and 21.
21
Let t be 2356/9 + (-16)/(-72). Suppose 37 - t = -5*h. Suppose -h = 9*p - 12*p. Calculate the highest common factor of p and 30.
15
Let x = -18 - 36. Let m = -50 - x. Let a = 312 - 276. What is the greatest common factor of m and a?
4
Let p be (-4)/6 + (-5)/(120/(-8128)). What is the highest common divisor of 1222 and p?
26
Let d be (10 - (-518)/(-35))/(6/20). Let m(y) = -y**3 - 18*y**2 - 32*y + 21. Let u be m(d). What is the highest common factor of u and 777?
21
Let g = 19294 - 16659. What is the highest common divisor of 595 and g?
85
Let y = -10 + 14. Suppose -y*d + 2*d = -2*g + 8, 3*g = -d + 12. Let x be (7 - 1) + 2*(2 + -3). Calculate the highest common divisor of g and x.
4
Let c = 3349 + -2389. Suppose 3*a - 60 = -0*a. What is the greatest common divisor of c and a?
20
Let f(h) = -5*h**3 + 2*h - 5 + 6*h + 19*h + 2*h**3 - 17 + 65*h**2. Let i be f(22). What is the greatest common divisor of i and 4?
4
Let l(y) = -14*y + 5. Let w be l(1). Let d be 340/(-4 - w) - 2. Let i(v) = 5*v - 34. Let t be i(8). What is the highest common factor of d and t?
6
Let l be (-2)/3 - (-598)/6. Let o = -73030 + 73096. What is the greatest common factor of o and l?
33
Let u(s) = s**3 + 5*s**2 - 5*s + 8. Let h be u(-6). Let x be 540/4 - (2 - 6/h). What is the highest common divisor of x and 8?
8
Suppose 7*k - 3*k = 24. Suppose -y + k = -2*g, -2*y + 12 = -4*g - 3*y. Let f be 3 + 5 + g + 0. What is the highest common divisor of f and 45?
5
Let n = -11303 + 16108. Calculate the highest common divisor of n and 62.
31
Let q be 70/(-105) + ((-21)/(-35) - 9691/(-15)). What is the greatest common divisor of q and 442?
34
Suppose -245 = -4*i + 151. Let h = i + -85. Calculate the highest common divisor of h and 35.
7
Let q(u) = -21*u**3 + 3*u**2 - u - 2. Let r be q(2). Let a be r/(-4) - (3 + -3). Let l = -266 + 326. Calculate the greatest common divisor of l and a.
20
Suppose -81 + 25 = -z. Let q = -372163 + 372373. What is the highest common factor of q and z?
14
Let i be ((-5)/(-2))/(1/2). Suppose 4*g - i*s - 26 = g, -2*s + 26 = 4*g. Let l be (-52)/104 - (30/4)/(-1). What is the greatest common divisor of g a